 -65023331 - 5?
-65023336
In base 15, what is 4ce + 1ce49?
1d428
In base 6, what is -30413501 + -102?
-30414003
In base 7, what is -15430 - -11652?
-3445
In base 5, what is -1042014313 + 413?
-1042013400
In base 7, what is 143245041 - 4?
143245034
In base 13, what is 17a - 7a82?
-7905
In base 7, what is 251231120 - -3?
251231123
In base 10, what is 187617 + 61?
187678
In base 15, what is -3 - -4902d3?
4902d0
In base 12, what is -5 - -1baa414?
1baa40b
In base 16, what is -cfcac - -10?
-cfc9c
In base 6, what is -2 + 102301140?
102301134
In base 14, what is -4 + 2cb9a6?
2cb9a2
In base 8, what is 3323 - 10201?
-4656
In base 10, what is 5 + -18971311?
-18971306
In base 12, what is 1229298 + 61?
1229339
In base 15, what is 2 + 1268a5e?
1268a61
In base 7, what is 404450 + -166?
404251
In base 12, what is -310 - -84a?
53a
In base 11, what is -67 + 163a4?
16338
In base 15, what is -7100 + e19?
-61d6
In base 4, what is -313203 - 1000200?
-1320003
In base 2, what is -101110100000 + -110100101101?
-1100011001101
In base 5, what is -11142130434 + -3?
-11142130442
In base 3, what is 10001210121011 + -12?
10001210120222
In base 9, what is -3040307 + 0?
-3040307
In base 3, what is 10202000112 - -22011222?
11001012111
In base 11, what is 3a + -36876a?
-368730
In base 16, what is -29a9 - 951?
-32fa
In base 10, what is 669019 + 5?
669024
In base 16, what is 535711 + -2?
53570f
In base 14, what is 4c - -15aca?
15b38
In base 14, what is 52489 + 0?
52489
In base 10, what is 4 + 3101909?
3101913
In base 3, what is 11012222121112 + 2021?
11012222200210
In base 16, what is 1f53a - -8?
1f542
In base 12, what is 3a244 + 447?
3a68b
In base 6, what is -12 + 40023303?
40023251
In base 11, what is 5 - 18123aa?
-18123a5
In base 12, what is -354361b97 - -1?
-354361b96
In base 8, what is -205603 + 1624?
-203757
In base 5, what is 10 + -2233022434?
-2233022424
In base 7, what is 3 + 164111150?
164111153
In base 10, what is -5040 + -32060?
-37100
In base 13, what is -8b6 + 2c21?
2338
In base 16, what is -2a + -2b830?
-2b85a
In base 16, what is 2cb - -20498?
20763
In base 14, what is -a2 + -1b990a?
-1b99ac
In base 16, what is 353c - -11d0?
470c
In base 7, what is 61602 + 2025?
63630
In base 8, what is 41 - 24755334?
-24755273
In base 10, what is -283739 + 923?
-282816
In base 6, what is -15421524410 - 2?
-15421524412
In base 11, what is -36705 - -1?
-36704
In base 9, what is 13820806 + 5?
13820812
In base 6, what is 5521 + 212143?
222104
In base 6, what is -14445 + -40434?
-55323
In base 14, what is -310733 - 1?
-310734
In base 13, what is 6cb490 + -2?
6cb48b
In base 14, what is -3 + -127a661?
-127a664
In base 10, what is -56554642 - 3?
-56554645
In base 12, what is 537422 + -4?
53741a
In base 16, what is 3 + -2fdedf?
-2fdedc
In base 14, what is 8ada9a4 - -25?
8ada9c9
In base 5, what is 41231131 + -2304?
41223322
In base 14, what is 17599 - -104?
1769d
In base 8, what is 5264 + -7602?
-2316
In base 11, what is 106390696 + 0?
106390696
In base 8, what is -206607 + -63?
-206672
In base 15, what is -5 - -c1278c?
c12787
In base 3, what is 2000020100 + 1202?
2000022002
In base 10, what is -1598 + -5495?
-7093
In base 12, what is 188731 + b74?
1896a5
In base 9, what is 5507470 - 4?
5507465
In base 4, what is -23021010110 + -10?
-23021010120
In base 10, what is -627 + 94200?
93573
In base 12, what is 4 - 9693b04b?
-9693b047
In base 15, what is 49da - 4a?
4990
In base 14, what is 20bac0b + 2a?
20bac37
In base 15, what is -2 - 5ec0?
-5ec2
In base 5, what is -10 + 220030010?
220030000
In base 7, what is 142 + 3464111?
3464253
In base 15, what is 208 - 4c08?
-4a00
In base 3, what is 220012 - 100201222?
-22211210
In base 6, what is 33433 - 50501?
-13024
In base 12, what is 73 - -4715b7?
47166a
In base 13, what is 1194c0 + -33?
11948a
In base 4, what is 2320130 + 11030?
2331220
In base 13, what is 716 - 14a88?
-14372
In base 4, what is 1323230 + -202013?
1121211
In base 5, what is -132140220 + 2?
-132140213
In base 8, what is 21 - -174424?
174445
In base 4, what is -11 + 2311213310300?
2311213310223
In base 3, what is 1111021212201010 - -22?
1111021212201102
In base 6, what is -2 + 13253102403?
13253102401
In base 6, what is 35353 + -114132?
-34335
In base 5, what is 3442 + 22404123?
22413120
In base 13, what is 1423a9 - 2c7?
1420b2
In base 14, what is 139cc01 - 2?
139cbdd
In base 4, what is -1301023 - 3133?
-1310222
In base 5, what is -114 + 130402144?
130402030
In base 15, what is ae13 - -2c6?
b1d9
In base 3, what is -12 - 200011000002001?
-200011000002020
In base 8, what is 1076 + -11654?
-10556
In base 16, what is -5 + -3b33a1?
-3b33a6
In base 15, what is 97a95a - 4?
97a956
In base 6, what is 2131 + -11500533?
-11454402
In base 15, what is -72d9 + 12a?
-71ae
In base 5, what is 322030133 + 2022?
322032210
In base 6, what is -23201455305 + 1?
-23201455304
In base 16, what is -4e6 + 57c0?
52da
In base 6, what is 1040143154 + -4?
1040143150
In base 12, what is 1 - -628668?
628669
In base 7, what is 23013 - -421140?
444153
In base 3, what is -12101 - -12210220020?
12210200212
In base 16, what is 10 + -1a527?
-1a517
In base 2, what is 10100100100110011111 - 110?
10100100100110011001
In base 15, what is -15491874 + 4?
-15491870
In base 2, what is -1 + 111111111101100011000011000?
111111111101100011000010111
In base 3, what is -1000 + -100112010111120?
-100112010112120
In base 12, what is 111b + 990a1?
9a200
In base 7, what is -1 + -6234630421?
-6234630422
In base 6, what is -2434 - 34054350?
-34101224
In base 15, what is 1117405e - -5?
11174064
In base 14, what is 17a - 7ada?
-7960
In base 9, what is -454 + 17763?
17308
In base 6, what is -541212 + -1510?
-543122
In base 13, what is 5986742 - 6?
5986739
In base 15, what is -bcb - 3c70?
-494b
In base 6, what is -143300353 + -2211?
-143303004
In base 14, what is -2 - 10c2296?
-10c2298
In base 6, what is 12245 - 34455?
-22210
In base 2, what is 11001100001000 + 1011110010?
11010111111010
In base 6, what is -311410201 - 0?
-311410201
In base 12, what is 330277a + a?
3302788
In base 14, what is 3b - -4d3698?
4d36d5
In base 5, what is -32 + 12144430003?
12144424421
In base 16, what is 19d - -ab28?
acc5
In base 4, what is -10 - -113100022322?
113100022312
In base 11, what is 46 - -113a87?
114022
In base 16, what is 2c7c + 45?
2cc1
In base 13, what is -1 - -1416244a?
14162449
In base 7, what is -2145335035 - -10?
-2145335025
In base 16, what is 976 + 1ebc?
2832
In base 13, what is -2 + 2a90309?
2a90307
In base 8, what is 13600211 - -35?
13600246
In base 2, what is 100101110001011000110110011101 - 11?
100101110001011000110110011010
In base 11, what is 3498 + 342?
382a
In base 15, what is 2d + -3ed8?
-3eaa
In base 15, what is -181891a1 - -3?
-1818919d
In base 4, what is -10120 + -12011332?
-12022112
In base 8, what is 500122 - 0?
500122
In base 2, what is -10 - 1010111100001101000111001?
-1010111100001101000111011
In base 4, what is 121 - 13013101?
-13012320
In base 12, what is -31823aa + 5?
-31823a5
In base 13, what is -11c + 11450?
11331
In base 3, what is -1000012110101 + 221?
-1000012102110
In base 14, what is -6c + 1c6bc?
1c650
In base 8, what is -11 + 74575674?
74575663
In base 4, what is 1013322322332221 + -10?
1013322322332211
In base 5, what is 1444233211 - -2?
1444233213
In base 13, what is 2042 - 77408?
-75396
In base 2, what is 110000000010100110100 - 10101?
110000000010100011111
In base 15, what is -d9a4e47 + -3?
-d9a4e4a
In base 9, what is 1605275 - -12?
1605287
In base 12, what is -39 - -ab06?
aa89
In base 3, what is -2020122 + -112222100?
-122012222
In base 9, what is -5484 - 2674?
-8268
In base 10, what is 5 + -136517?
-136512
In base 9, what is 10 + 16864101?
16864111
In base 11, what is 2944a8 + 1?
2944a9
In base 8, what is 37 + -563703?
-563644
In base 6, what is -3102342225 - 2?
-3102342231
In base 12, what is -198bb1 - -500?
-1986b1
In base 10, what is -247 + 320738?
320491
In base 2, what is 101 - 111011010110100111100000101?
-111011010110100111100000000
In base 16, what is 3cf + 41d?
7ec
In base 6, what is 5412521002 + 0?
5412521002
In base 14, what is -137687b - -4?
-1376877
In base 2, what is -10010010110001101010100101 + -10?
-10010010110001101010100111
In base 14, what is 485732 - 2?
485730
In base 5, what is 24 - -1013214